{"id":26,"date":"2023-07-05T09:50:57","date_gmt":"2023-07-05T09:50:57","guid":{"rendered":"http:\/\/www.bricolagavia.com\/?page_id=26"},"modified":"2024-09-17T10:58:41","modified_gmt":"2024-09-17T10:58:41","slug":"home","status":"publish","type":"page","link":"https:\/\/www.bricolagavia.com\/","title":{"rendered":"Home"},"content":{"rendered":"\n<div class=\"wp-block-cover alignfull has-custom-content-position is-position-center-right wp-duotone-unset-1\" style=\"padding-top:0;padding-right:0;padding-bottom:0;padding-left:0;min-height:400px;aspect-ratio:unset;\"><span aria-hidden=\"true\" class=\"wp-block-cover__background has-background-dim-40 has-background-dim\"><\/span><img loading=\"lazy\" decoding=\"async\" width=\"1280\" height=\"853\" class=\"wp-block-cover__image-background wp-image-99\" alt=\"\" src=\"https:\/\/www.bricolagavia.com\/wp-content\/uploads\/2023\/07\/tools-construct-craft-8649831.jpg\" data-object-fit=\"cover\" srcset=\"https:\/\/www.bricolagavia.com\/wp-content\/uploads\/2023\/07\/tools-construct-craft-8649831.jpg 1280w, https:\/\/www.bricolagavia.com\/wp-content\/uploads\/2023\/07\/tools-construct-craft-8649831-300x200.jpg 300w, https:\/\/www.bricolagavia.com\/wp-content\/uploads\/2023\/07\/tools-construct-craft-8649831-1024x682.jpg 1024w, https:\/\/www.bricolagavia.com\/wp-content\/uploads\/2023\/07\/tools-construct-craft-8649831-768x512.jpg 768w\" sizes=\"auto, (max-width: 1280px) 100vw, 1280px\" \/><div class=\"wp-block-cover__inner-container is-layout-flow wp-block-cover-is-layout-flow\">\n<div class=\"wp-block-columns alignwide is-layout-flex wp-container-core-columns-is-layout-1 wp-block-columns-is-layout-flex\">\n<div class=\"wp-block-column is-layout-flow wp-block-column-is-layout-flow\" style=\"flex-basis:50%\">\n<div class=\"wp-block-uagb-advanced-heading uagb-block-a03873eb\"><h4 class=\"uagb-heading-text\">Construye tu sue\u00f1o<\/h4><\/div>\n\n\n\n<div class=\"wp-block-uagb-info-box uagb-block-7d4ab6ab uagb-infobox__content-wrap  uagb-infobox-icon-above-title uagb-infobox-image-valign-top\"><div class=\"uagb-ifb-content\"><div class=\"uagb-ifb-title-wrap\"><h2 class=\"uagb-ifb-title\">Calidad, asesoramiento y confianza<\/h2><\/div><p class=\"uagb-ifb-desc\">Nuestra atenci\u00f3n al cliente excepcional y precios competitivos hacen de Brico La Gavia tu mejor aliado para llevar a cabo tus proyectos de construcci\u00f3n con \u00e9xito.<\/p><\/div><\/div>\n<\/div>\n\n\n\n<div class=\"wp-block-column is-layout-flow wp-block-column-is-layout-flow\" style=\"flex-basis:50%\"><\/div>\n<\/div>\n<\/div><\/div>\n\n\n\n<div class=\"wp-block-uagb-container uagb-block-114ec672 alignfull uagb-is-root-container\"><div class=\"uagb-container-inner-blocks-wrap\">\n<div class=\"wp-block-media-text alignwide is-stacked-on-mobile is-vertically-aligned-top has-background\" style=\"background-color:#f3f3f3\"><figure class=\"wp-block-media-text__media\"><img loading=\"lazy\" decoding=\"async\" width=\"380\" height=\"250\" src=\"https:\/\/www.bricolagavia.com\/wp-content\/uploads\/2023\/07\/services-6.jpg\" alt=\"\" class=\"wp-image-91 size-full\" srcset=\"https:\/\/www.bricolagavia.com\/wp-content\/uploads\/2023\/07\/services-6.jpg 380w, https:\/\/www.bricolagavia.com\/wp-content\/uploads\/2023\/07\/services-6-300x197.jpg 300w\" sizes=\"auto, (max-width: 380px) 100vw, 380px\" \/><\/figure><div class=\"wp-block-media-text__content\">\n<div class=\"wp-block-uagb-advanced-heading uagb-block-422badaf\"><h2 class=\"uagb-heading-text\">Materiales de Construcci\u00f3n<\/h2><\/div>\n\n\n\n<p>Tu fuente confiable de materiales de construcci\u00f3n: calidad y variedad para proyectos exitosos.<\/p>\n<\/div><\/div>\n\n\n\n<div class=\"wp-block-media-text alignwide has-media-on-the-right is-stacked-on-mobile has-background\" style=\"background-color:#ffc03dcc\"><div class=\"wp-block-media-text__content\">\n<div class=\"wp-block-uagb-advanced-heading uagb-block-b77ea7b4\"><h2 class=\"uagb-heading-text\">Ba\u00f1os y Grifer\u00edas<\/h2><\/div>\n\n\n\n<p>Transforma tu ba\u00f1o en un oasis de estilo y funcionalidad con nuestra amplia selecci\u00f3n de grifer\u00edas de calidad.<\/p>\n<\/div><figure class=\"wp-block-media-text__media\"><img loading=\"lazy\" decoding=\"async\" width=\"380\" height=\"253\" src=\"https:\/\/www.bricolagavia.com\/wp-content\/uploads\/2023\/07\/bathroom-chrome-clean-2193-e1687452882605.jpg\" alt=\"\" class=\"wp-image-74 size-full\" srcset=\"https:\/\/www.bricolagavia.com\/wp-content\/uploads\/2023\/07\/bathroom-chrome-clean-2193-e1687452882605.jpg 380w, https:\/\/www.bricolagavia.com\/wp-content\/uploads\/2023\/07\/bathroom-chrome-clean-2193-e1687452882605-300x200.jpg 300w\" sizes=\"auto, (max-width: 380px) 100vw, 380px\" \/><\/figure><\/div>\n\n\n\n<div class=\"wp-block-media-text alignwide is-stacked-on-mobile has-background\" style=\"background-color:#f3f3f3\"><figure class=\"wp-block-media-text__media\"><img loading=\"lazy\" decoding=\"async\" width=\"380\" height=\"251\" src=\"https:\/\/www.bricolagavia.com\/wp-content\/uploads\/2023\/07\/Designer-e1687453040226.jpeg\" alt=\"\" class=\"wp-image-78 size-full\" srcset=\"https:\/\/www.bricolagavia.com\/wp-content\/uploads\/2023\/07\/Designer-e1687453040226.jpeg 380w, https:\/\/www.bricolagavia.com\/wp-content\/uploads\/2023\/07\/Designer-e1687453040226-300x198.jpeg 300w\" sizes=\"auto, (max-width: 380px) 100vw, 380px\" \/><\/figure><div class=\"wp-block-media-text__content\">\n<div class=\"wp-block-uagb-advanced-heading uagb-block-c81e215b\"><h2 class=\"uagb-heading-text\">Cer\u00e1mica y pavimentos<\/h2><\/div>\n\n\n\n<p>Encuentra la cer\u00e1mica y pavimentos perfectos para dar vida a tus espacios con estilo y durabilidad excepcionales.<\/p>\n<\/div><\/div>\n\n\n\n<div class=\"wp-block-media-text alignwide has-media-on-the-right is-stacked-on-mobile has-background\" style=\"background-color:#ffc03dcc\"><div class=\"wp-block-media-text__content\">\n<div class=\"wp-block-uagb-advanced-heading uagb-block-a8ad21ee\"><h2 class=\"uagb-heading-text\">Ferreter\u00eda y herramientas<\/h2><\/div>\n\n\n\n<p>Encuentra todo lo que necesitas en nuestra ferreter\u00eda: herramientas de calidad y soluciones pr\u00e1cticas para cada proyecto.<\/p>\n<\/div><figure class=\"wp-block-media-text__media\"><img loading=\"lazy\" decoding=\"async\" width=\"1280\" height=\"853\" src=\"https:\/\/www.bricolagavia.com\/wp-content\/uploads\/2023\/07\/tools-construct-craft-864983.jpg\" alt=\"\" class=\"wp-image-93 size-full\" srcset=\"https:\/\/www.bricolagavia.com\/wp-content\/uploads\/2023\/07\/tools-construct-craft-864983.jpg 1280w, https:\/\/www.bricolagavia.com\/wp-content\/uploads\/2023\/07\/tools-construct-craft-864983-300x200.jpg 300w, https:\/\/www.bricolagavia.com\/wp-content\/uploads\/2023\/07\/tools-construct-craft-864983-1024x682.jpg 1024w, https:\/\/www.bricolagavia.com\/wp-content\/uploads\/2023\/07\/tools-construct-craft-864983-768x512.jpg 768w\" sizes=\"auto, (max-width: 1280px) 100vw, 1280px\" \/><\/figure><\/div>\n\n\n\n<div class=\"wp-block-media-text alignwide is-stacked-on-mobile has-background\" style=\"background-color:#f3f3f3\"><figure class=\"wp-block-media-text__media\"><img loading=\"lazy\" decoding=\"async\" width=\"380\" height=\"250\" src=\"https:\/\/www.bricolagavia.com\/wp-content\/uploads\/2023\/07\/service-1.jpg\" alt=\"\" class=\"wp-image-86 size-full\" srcset=\"https:\/\/www.bricolagavia.com\/wp-content\/uploads\/2023\/07\/service-1.jpg 380w, https:\/\/www.bricolagavia.com\/wp-content\/uploads\/2023\/07\/service-1-300x197.jpg 300w\" sizes=\"auto, (max-width: 380px) 100vw, 380px\" \/><\/figure><div class=\"wp-block-media-text__content\">\n<div class=\"wp-block-uagb-advanced-heading uagb-block-86246acd\"><h2 class=\"uagb-heading-text\">Ropa laboral y accesorios<\/h2><\/div>\n\n\n\n<p>Ropa laboral y accesorios: comodidad y protecci\u00f3n para el trabajo.<\/p>\n<\/div><\/div>\n\n\n\n<div class=\"wp-block-media-text alignwide has-media-on-the-right is-stacked-on-mobile has-background\" style=\"background-color:#ffc03dcc\"><div class=\"wp-block-media-text__content\">\n<div class=\"wp-block-uagb-advanced-heading uagb-block-17b8c426\"><h2 class=\"uagb-heading-text\">Mobiliario urbano<\/h2><\/div>\n\n\n\n<p>Mejora la vida en tu comunidad con nuestro mobiliario urbano de alta calidad. Desde bancos y papeleras hasta parques infantiles y se\u00f1alizaci\u00f3n, ofrecemos soluciones funcionales y est\u00e9ticas que enriquecen tu entorno urbano y promueven la calidad de vida en tu ciudad.<\/p>\n<\/div><figure class=\"wp-block-media-text__media\"><img loading=\"lazy\" decoding=\"async\" width=\"372\" height=\"311\" src=\"https:\/\/www.bricolagavia.com\/wp-content\/uploads\/2023\/09\/2.jpg\" alt=\"\" class=\"wp-image-285 size-full\" srcset=\"https:\/\/www.bricolagavia.com\/wp-content\/uploads\/2023\/09\/2.jpg 372w, https:\/\/www.bricolagavia.com\/wp-content\/uploads\/2023\/09\/2-300x251.jpg 300w, https:\/\/www.bricolagavia.com\/wp-content\/uploads\/2023\/09\/2-230x192.jpg 230w, https:\/\/www.bricolagavia.com\/wp-content\/uploads\/2023\/09\/2-350x293.jpg 350w\" sizes=\"auto, (max-width: 372px) 100vw, 372px\" \/><\/figure><\/div>\n\n\n\n<div class=\"wp-block-media-text alignwide is-stacked-on-mobile has-background\" style=\"background-color:#f3f3f3\"><figure class=\"wp-block-media-text__media\"><img decoding=\"async\" src=\"https:\/\/www.bricolagavia.com\/wp-content\/uploads\/2023\/09\/12.jpg\" alt=\"\" class=\"wp-image-295 size-full\"\/><\/figure><div class=\"wp-block-media-text__content\">\n<div class=\"wp-block-uagb-advanced-heading uagb-block-17b8c426\"><h2 class=\"uagb-heading-text\">Abastecimiento  Saneamiento<\/h2><\/div>\n\n\n\n<p>Garantiza un abastecimiento y saneamiento confiables con nuestras soluciones. Ofrecemos productos y servicios que aseguran el acceso a agua limpia y sistemas de saneamiento efectivos para comunidades y entidades.<\/p>\n<\/div><\/div>\n\n\n\n<div class=\"wp-block-media-text alignwide has-media-on-the-right is-stacked-on-mobile has-background\" style=\"background-color:#ffc03dcc\"><div class=\"wp-block-media-text__content\">\n<div class=\"wp-block-uagb-advanced-heading uagb-block-677ed865\"><h2 class=\"uagb-heading-text\">Fundici\u00f3n<\/h2><\/div>\n\n\n\n<p>Descubre un mundo de posibilidades en fundici\u00f3n con nuestra amplia gama de productos y servicios. Desde piezas de fundici\u00f3n personalizadas hasta soluciones industriales de alto rendimiento, te ofrecemos calidad, durabilidad y experiencia para satisfacer tus necesidades m\u00e1s exigentes en proyectos de fundici\u00f3n.<\/p>\n<\/div><figure class=\"wp-block-media-text__media\"><img loading=\"lazy\" decoding=\"async\" width=\"194\" height=\"146\" src=\"https:\/\/www.bricolagavia.com\/wp-content\/uploads\/2023\/09\/10-e1695642830855.jpg\" alt=\"\" class=\"wp-image-293 size-full\"\/><\/figure><\/div>\n\n\n\n<div class=\"wp-block-media-text alignwide is-stacked-on-mobile has-background\" style=\"background-color:#f3f3f3\"><figure class=\"wp-block-media-text__media\"><img loading=\"lazy\" decoding=\"async\" width=\"218\" height=\"164\" src=\"https:\/\/www.bricolagavia.com\/wp-content\/uploads\/2023\/09\/19-e1695643067142.jpg\" alt=\"\" class=\"wp-image-310 size-full\"\/><\/figure><div class=\"wp-block-media-text__content\">\n<div class=\"wp-block-uagb-advanced-heading uagb-block-b5a5ce44\"><h2 class=\"uagb-heading-text\">Pinturas<\/h2><\/div>\n\n\n\n<p>\u00abDesata tu creatividad y transforma tus espacios con nuestra extensa selecci\u00f3n de pinturas. Ofrecemos colores de alta calidad y soluciones especializadas que te permitir\u00e1n dar vida a tus proyectos de decoraci\u00f3n y renovaci\u00f3n, con resultados excepcionales que perduran en el tiempo.\u00bb<\/p>\n<\/div><\/div>\n<\/div><\/div>\n\n\n\n<div class=\"wp-block-group alignwide is-vertical is-content-justification-stretch is-layout-flex wp-container-core-group-is-layout-1 wp-block-group-is-layout-flex\"><\/div>\n\n\n\n<div class=\"wp-block-uagb-container uagb-block-ab7b7f11 alignfull uagb-is-root-container\">\n<div class=\"wp-block-uagb-advanced-heading uagb-block-ff277292\"><h3 class=\"uagb-heading-text\"><strong>Seguimos las mejores pr\u00e1cticas<\/strong><\/h3><\/div>\n\n\n\n<div class=\"wp-block-uagb-icon-list uagb-block-a2c7b0ae\"><div class=\"uagb-icon-list__wrap\">\n<div class=\"wp-block-uagb-icon-list-child uagb-block-aa460937\"><span class=\"uagb-icon-list__source-wrap\"><svg xmlns=\"https:\/\/www.w3.org\/2000\/svg\" viewBox=\"0 0 512 512\"><path d=\"M180.2 243.1C185 263.9 162.2 280.2 144.1 268.8L119.8 253.6l-50.9 81.43c-13.33 21.32 2.004 48.98 27.15 48.98h32.02c17.64 0 31.98 14.32 31.98 31.96c0 17.64-14.34 32.05-31.98 32.05H96.15c-75.36 0-121.3-82.84-81.47-146.8L65.51 219.8L41.15 204.5C23.04 193.1 27.66 165.5 48.48 160.7l91.43-21.15C148.5 137.7 157.2 142.9 159.2 151.6L180.2 243.1zM283.1 78.96l41.25 66.14l-24.25 15.08c-18.16 11.31-13.57 38.94 7.278 43.77l91.4 21.15c8.622 1.995 17.23-3.387 19.21-12.01l21.04-91.43c4.789-20.81-17.95-37.05-36.07-25.76l-24.36 15.2L337.4 45.14c-37.58-60.14-125.2-60.18-162.8-.0617L167.2 56.9C157.9 71.75 162.5 91.58 177.3 100.9c14.92 9.359 34.77 4.886 44.11-10.04l7.442-11.89C241.6 58.58 270.9 59.33 283.1 78.96zM497.3 301.3l-16.99-27.26c-9.336-14.98-29.06-19.56-44.04-10.21c-14.94 9.318-19.52 29.15-10.18 44.08l16.99 27.15c13.35 21.32-1.984 49-27.14 49h-95.99l.0234-28.74c0-21.38-25.85-32.09-40.97-16.97l-66.41 66.43c-6.222 6.223-6.222 16.41 .0044 22.63l66.42 66.34c15.12 15.1 40.95 4.386 40.95-16.98l-.0234-28.68h95.86C491.2 448.1 537.2 365.2 497.3 301.3z\"><\/path><\/svg><\/span><span class=\"uagb-icon-list__label\">Sostenibilidad<\/span><\/div>\n\n\n\n<div class=\"wp-block-uagb-icon-list-child uagb-block-3c7067dd\"><span class=\"uagb-icon-list__source-wrap\"><svg xmlns=\"https:\/\/www.w3.org\/2000\/svg\" viewBox=\"0 0 512 512\"><path d=\"M256 512C114.6 512 0 397.4 0 256C0 114.6 114.6 0 256 0C397.4 0 512 114.6 512 256C512 397.4 397.4 512 256 512zM232 256C232 264 236 271.5 242.7 275.1L338.7 339.1C349.7 347.3 364.6 344.3 371.1 333.3C379.3 322.3 376.3 307.4 365.3 300L280 243.2V120C280 106.7 269.3 96 255.1 96C242.7 96 231.1 106.7 231.1 120L232 256z\"><\/path><\/svg><\/span><span class=\"uagb-icon-list__label\">Proyecto a tiempo<\/span><\/div>\n\n\n\n<div class=\"wp-block-uagb-icon-list-child uagb-block-a4ee6771\"><span class=\"uagb-icon-list__source-wrap\"><svg xmlns=\"https:\/\/www.w3.org\/2000\/svg\" viewBox=\"0 0 576 512\"><path d=\"M528 0h-480C21.5 0 0 21.5 0 48v320C0 394.5 21.5 416 48 416h192L224 464H152C138.8 464 128 474.8 128 488S138.8 512 152 512h272c13.25 0 24-10.75 24-24s-10.75-24-24-24H352L336 416h192c26.5 0 48-21.5 48-48v-320C576 21.5 554.5 0 528 0zM512 288H64V64h448V288z\"><\/path><\/svg><\/span><span class=\"uagb-icon-list__label\">Tecnolog\u00eda moderna<\/span><\/div>\n\n\n\n<div class=\"wp-block-uagb-icon-list-child uagb-block-223c88d7\"><span class=\"uagb-icon-list__source-wrap\"><svg xmlns=\"https:\/\/www.w3.org\/2000\/svg\" viewBox=\"0 0 512 512\"><path d=\"M492.7 42.75C517.7 67.74 517.7 108.3 492.7 133.3L436.3 189.7L322.3 75.72L378.7 19.32C403.7-5.678 444.3-5.678 469.3 19.32L492.7 42.75zM44.89 353.2L299.7 98.34L413.7 212.3L158.8 467.1C152.1 473.8 143.8 478.7 134.6 481.4L30.59 511.1C22.21 513.5 13.19 511.1 7.03 504.1C.8669 498.8-1.47 489.8 .9242 481.4L30.65 377.4C33.26 368.2 38.16 359.9 44.89 353.2zM249.4 103.4L103.4 249.4L16 161.9C-2.745 143.2-2.745 112.8 16 94.06L94.06 16C112.8-2.745 143.2-2.745 161.9 16L181.7 35.76C181.4 36.05 181 36.36 180.7 36.69L116.7 100.7C110.4 106.9 110.4 117.1 116.7 123.3C122.9 129.6 133.1 129.6 139.3 123.3L203.3 59.31C203.6 58.99 203.1 58.65 204.2 58.3L249.4 103.4zM453.7 307.8C453.4 308 453 308.4 452.7 308.7L388.7 372.7C382.4 378.9 382.4 389.1 388.7 395.3C394.9 401.6 405.1 401.6 411.3 395.3L475.3 331.3C475.6 330.1 475.1 330.6 476.2 330.3L496 350.1C514.7 368.8 514.7 399.2 496 417.9L417.9 496C399.2 514.7 368.8 514.7 350.1 496L262.6 408.6L408.6 262.6L453.7 307.8z\"><\/path><\/svg><\/span><span class=\"uagb-icon-list__label\">\u00daltimos dise\u00f1os<\/span><\/div>\n<\/div><\/div>\n<\/div>\n\n\n\n<div class=\"wp-block-uagb-image uagb-block-c8578fec wp-block-uagb-image--layout-default wp-block-uagb-image--effect-static wp-block-uagb-image--align-none\"><figure class=\"wp-block-uagb-image__figure\"><img decoding=\"async\" srcset=\"https:\/\/www.bricolagavia.com\/wp-content\/uploads\/2024\/09\/CARTEL-FEDER-INVERSIONES-PYMES-A3-ICE-1024x724.png ,https:\/\/www.bricolagavia.com\/wp-content\/uploads\/2024\/09\/CARTEL-FEDER-INVERSIONES-PYMES-A3-ICE.png 780w, https:\/\/www.bricolagavia.com\/wp-content\/uploads\/2024\/09\/CARTEL-FEDER-INVERSIONES-PYMES-A3-ICE.png 360w\" sizes=\"auto, (max-width: 480px) 150px\" src=\"https:\/\/www.bricolagavia.com\/wp-content\/uploads\/2024\/09\/CARTEL-FEDER-INVERSIONES-PYMES-A3-ICE-1024x724.png\" alt=\"\" class=\"uag-image-347\" width=\"1278\" height=\"904\" title=\"CARTEL FEDER-INVERSIONES PYMES- A3 ICE\" loading=\"lazy\" role=\"img\"\/><\/figure><\/div>\n\n\n\n<div class=\"wp-block-uagb-container uagb-block-43383ad7 alignfull uagb-is-root-container\"><\/div>\n","protected":false},"excerpt":{"rendered":"<p>Materiales de Construcci\u00f3n Tu fuente confiable de materiales de construcci\u00f3n: calidad y variedad para proyectos exitosos. Ba\u00f1os y Grifer\u00edas Transforma tu ba\u00f1o [&hellip;]<\/p>\n","protected":false},"author":1,"featured_media":0,"parent":0,"menu_order":0,"comment_status":"closed","ping_status":"closed","template":"","meta":{"_uag_custom_page_level_css":"","footnotes":""},"class_list":["post-26","page","type-page","status-publish","hentry"],"yoast_head":"<!-- This site is optimized with the Yoast SEO plugin v26.8 - https:\/\/yoast.com\/product\/yoast-seo-wordpress\/ -->\n<title>Home - Brico La Gavia<\/title>\n<meta name=\"robots\" content=\"index, follow, max-snippet:-1, max-image-preview:large, max-video-preview:-1\" \/>\n<link rel=\"canonical\" href=\"https:\/\/www.bricolagavia.com\/\" \/>\n<meta property=\"og:locale\" content=\"es_ES\" \/>\n<meta property=\"og:type\" content=\"article\" \/>\n<meta property=\"og:title\" content=\"Home - Brico La Gavia\" \/>\n<meta property=\"og:description\" content=\"Materiales de Construcci\u00f3n Tu fuente confiable de materiales de construcci\u00f3n: calidad y variedad para proyectos exitosos. Ba\u00f1os y Grifer\u00edas Transforma tu ba\u00f1o [&hellip;]\" \/>\n<meta property=\"og:url\" content=\"https:\/\/www.bricolagavia.com\/\" \/>\n<meta property=\"og:site_name\" content=\"Brico La Gavia\" \/>\n<meta property=\"article:publisher\" content=\"https:\/\/www.facebook.com\/BricolaGavia\" \/>\n<meta property=\"article:modified_time\" content=\"2024-09-17T10:58:41+00:00\" \/>\n<meta property=\"og:image\" content=\"http:\/\/www.bricolagavia.com\/wp-content\/uploads\/2023\/07\/tools-construct-craft-8649831.jpg\" \/>\n<meta name=\"twitter:card\" content=\"summary_large_image\" \/>\n<meta name=\"twitter:label1\" content=\"Tiempo de lectura\" \/>\n\t<meta name=\"twitter:data1\" content=\"4 minutos\" \/>\n<script type=\"application\/ld+json\" class=\"yoast-schema-graph\">{\"@context\":\"https:\/\/schema.org\",\"@graph\":[{\"@type\":\"WebPage\",\"@id\":\"https:\/\/www.bricolagavia.com\/\",\"url\":\"https:\/\/www.bricolagavia.com\/\",\"name\":\"Home - Brico La Gavia\",\"isPartOf\":{\"@id\":\"https:\/\/www.bricolagavia.com\/#website\"},\"primaryImageOfPage\":{\"@id\":\"https:\/\/www.bricolagavia.com\/#primaryimage\"},\"image\":{\"@id\":\"https:\/\/www.bricolagavia.com\/#primaryimage\"},\"thumbnailUrl\":\"http:\/\/www.bricolagavia.com\/wp-content\/uploads\/2023\/07\/tools-construct-craft-8649831.jpg\",\"datePublished\":\"2023-07-05T09:50:57+00:00\",\"dateModified\":\"2024-09-17T10:58:41+00:00\",\"breadcrumb\":{\"@id\":\"https:\/\/www.bricolagavia.com\/#breadcrumb\"},\"inLanguage\":\"es\",\"potentialAction\":[{\"@type\":\"ReadAction\",\"target\":[\"https:\/\/www.bricolagavia.com\/\"]}]},{\"@type\":\"ImageObject\",\"inLanguage\":\"es\",\"@id\":\"https:\/\/www.bricolagavia.com\/#primaryimage\",\"url\":\"http:\/\/www.bricolagavia.com\/wp-content\/uploads\/2023\/07\/tools-construct-craft-8649831.jpg\",\"contentUrl\":\"http:\/\/www.bricolagavia.com\/wp-content\/uploads\/2023\/07\/tools-construct-craft-8649831.jpg\"},{\"@type\":\"BreadcrumbList\",\"@id\":\"https:\/\/www.bricolagavia.com\/#breadcrumb\",\"itemListElement\":[{\"@type\":\"ListItem\",\"position\":1,\"name\":\"Portada\",\"item\":\"https:\/\/www.bricolagavia.com\/\"},{\"@type\":\"ListItem\",\"position\":2,\"name\":\"Home\"}]},{\"@type\":\"WebSite\",\"@id\":\"https:\/\/www.bricolagavia.com\/#website\",\"url\":\"https:\/\/www.bricolagavia.com\/\",\"name\":\"Brico La Gavia\",\"description\":\"\",\"publisher\":{\"@id\":\"https:\/\/www.bricolagavia.com\/#organization\"},\"potentialAction\":[{\"@type\":\"SearchAction\",\"target\":{\"@type\":\"EntryPoint\",\"urlTemplate\":\"https:\/\/www.bricolagavia.com\/?s={search_term_string}\"},\"query-input\":{\"@type\":\"PropertyValueSpecification\",\"valueRequired\":true,\"valueName\":\"search_term_string\"}}],\"inLanguage\":\"es\"},{\"@type\":\"Organization\",\"@id\":\"https:\/\/www.bricolagavia.com\/#organization\",\"name\":\"Brico La Gavia - Materiales de Construcci\u00f3n\",\"alternateName\":\"Brico La Gavia - Materiales de Construcci\u00f3n\",\"url\":\"https:\/\/www.bricolagavia.com\/\",\"logo\":{\"@type\":\"ImageObject\",\"inLanguage\":\"es\",\"@id\":\"https:\/\/www.bricolagavia.com\/#\/schema\/logo\/image\/\",\"url\":\"https:\/\/www.bricolagavia.com\/wp-content\/uploads\/2023\/07\/BRICOLAGAVIA-1.png\",\"contentUrl\":\"https:\/\/www.bricolagavia.com\/wp-content\/uploads\/2023\/07\/BRICOLAGAVIA-1.png\",\"width\":808,\"height\":234,\"caption\":\"Brico La Gavia - Materiales de Construcci\u00f3n\"},\"image\":{\"@id\":\"https:\/\/www.bricolagavia.com\/#\/schema\/logo\/image\/\"},\"sameAs\":[\"https:\/\/www.facebook.com\/BricolaGavia\"]}]}<\/script>\n<!-- \/ Yoast SEO plugin. -->","yoast_head_json":{"title":"Home - Brico La Gavia","robots":{"index":"index","follow":"follow","max-snippet":"max-snippet:-1","max-image-preview":"max-image-preview:large","max-video-preview":"max-video-preview:-1"},"canonical":"https:\/\/www.bricolagavia.com\/","og_locale":"es_ES","og_type":"article","og_title":"Home - Brico La Gavia","og_description":"Materiales de Construcci\u00f3n Tu fuente confiable de materiales de construcci\u00f3n: calidad y variedad para proyectos exitosos. Ba\u00f1os y Grifer\u00edas Transforma tu ba\u00f1o [&hellip;]","og_url":"https:\/\/www.bricolagavia.com\/","og_site_name":"Brico La Gavia","article_publisher":"https:\/\/www.facebook.com\/BricolaGavia","article_modified_time":"2024-09-17T10:58:41+00:00","og_image":[{"url":"http:\/\/www.bricolagavia.com\/wp-content\/uploads\/2023\/07\/tools-construct-craft-8649831.jpg","type":"","width":"","height":""}],"twitter_card":"summary_large_image","twitter_misc":{"Tiempo de lectura":"4 minutos"},"schema":{"@context":"https:\/\/schema.org","@graph":[{"@type":"WebPage","@id":"https:\/\/www.bricolagavia.com\/","url":"https:\/\/www.bricolagavia.com\/","name":"Home - Brico La Gavia","isPartOf":{"@id":"https:\/\/www.bricolagavia.com\/#website"},"primaryImageOfPage":{"@id":"https:\/\/www.bricolagavia.com\/#primaryimage"},"image":{"@id":"https:\/\/www.bricolagavia.com\/#primaryimage"},"thumbnailUrl":"http:\/\/www.bricolagavia.com\/wp-content\/uploads\/2023\/07\/tools-construct-craft-8649831.jpg","datePublished":"2023-07-05T09:50:57+00:00","dateModified":"2024-09-17T10:58:41+00:00","breadcrumb":{"@id":"https:\/\/www.bricolagavia.com\/#breadcrumb"},"inLanguage":"es","potentialAction":[{"@type":"ReadAction","target":["https:\/\/www.bricolagavia.com\/"]}]},{"@type":"ImageObject","inLanguage":"es","@id":"https:\/\/www.bricolagavia.com\/#primaryimage","url":"http:\/\/www.bricolagavia.com\/wp-content\/uploads\/2023\/07\/tools-construct-craft-8649831.jpg","contentUrl":"http:\/\/www.bricolagavia.com\/wp-content\/uploads\/2023\/07\/tools-construct-craft-8649831.jpg"},{"@type":"BreadcrumbList","@id":"https:\/\/www.bricolagavia.com\/#breadcrumb","itemListElement":[{"@type":"ListItem","position":1,"name":"Portada","item":"https:\/\/www.bricolagavia.com\/"},{"@type":"ListItem","position":2,"name":"Home"}]},{"@type":"WebSite","@id":"https:\/\/www.bricolagavia.com\/#website","url":"https:\/\/www.bricolagavia.com\/","name":"Brico La Gavia","description":"","publisher":{"@id":"https:\/\/www.bricolagavia.com\/#organization"},"potentialAction":[{"@type":"SearchAction","target":{"@type":"EntryPoint","urlTemplate":"https:\/\/www.bricolagavia.com\/?s={search_term_string}"},"query-input":{"@type":"PropertyValueSpecification","valueRequired":true,"valueName":"search_term_string"}}],"inLanguage":"es"},{"@type":"Organization","@id":"https:\/\/www.bricolagavia.com\/#organization","name":"Brico La Gavia - Materiales de Construcci\u00f3n","alternateName":"Brico La Gavia - Materiales de Construcci\u00f3n","url":"https:\/\/www.bricolagavia.com\/","logo":{"@type":"ImageObject","inLanguage":"es","@id":"https:\/\/www.bricolagavia.com\/#\/schema\/logo\/image\/","url":"https:\/\/www.bricolagavia.com\/wp-content\/uploads\/2023\/07\/BRICOLAGAVIA-1.png","contentUrl":"https:\/\/www.bricolagavia.com\/wp-content\/uploads\/2023\/07\/BRICOLAGAVIA-1.png","width":808,"height":234,"caption":"Brico La Gavia - Materiales de Construcci\u00f3n"},"image":{"@id":"https:\/\/www.bricolagavia.com\/#\/schema\/logo\/image\/"},"sameAs":["https:\/\/www.facebook.com\/BricolaGavia"]}]}},"uagb_featured_image_src":{"full":false,"thumbnail":false,"medium":false,"medium_large":false,"large":false,"1536x1536":false,"2048x2048":false,"sydney-large-thumb":false,"sydney-medium-thumb":false,"sydney-small-thumb":false,"sydney-service-thumb":false,"sydney-mas-thumb":false},"uagb_author_info":{"display_name":"admin","author_link":"https:\/\/www.bricolagavia.com\/index.php\/author\/lavozdemedinadigital_gwj14csa\/"},"uagb_comment_info":0,"uagb_excerpt":"Materiales de Construcci\u00f3n Tu fuente confiable de materiales de construcci\u00f3n: calidad y variedad para proyectos exitosos. Ba\u00f1os y Grifer\u00edas Transforma tu ba\u00f1o [&hellip;]","_links":{"self":[{"href":"https:\/\/www.bricolagavia.com\/index.php\/wp-json\/wp\/v2\/pages\/26","targetHints":{"allow":["GET"]}}],"collection":[{"href":"https:\/\/www.bricolagavia.com\/index.php\/wp-json\/wp\/v2\/pages"}],"about":[{"href":"https:\/\/www.bricolagavia.com\/index.php\/wp-json\/wp\/v2\/types\/page"}],"author":[{"embeddable":true,"href":"https:\/\/www.bricolagavia.com\/index.php\/wp-json\/wp\/v2\/users\/1"}],"replies":[{"embeddable":true,"href":"https:\/\/www.bricolagavia.com\/index.php\/wp-json\/wp\/v2\/comments?post=26"}],"version-history":[{"count":16,"href":"https:\/\/www.bricolagavia.com\/index.php\/wp-json\/wp\/v2\/pages\/26\/revisions"}],"predecessor-version":[{"id":348,"href":"https:\/\/www.bricolagavia.com\/index.php\/wp-json\/wp\/v2\/pages\/26\/revisions\/348"}],"wp:attachment":[{"href":"https:\/\/www.bricolagavia.com\/index.php\/wp-json\/wp\/v2\/media?parent=26"}],"curies":[{"name":"wp","href":"https:\/\/api.w.org\/{rel}","templated":true}]}}